s digit of 4 - (-11 - -5) - -325?
3
Suppose 16*t = 11*t + 495. What is the tens digit of t?
9
Suppose 5*x - 8*x = 177. Let w = x + 106. What is the tens digit of w?
4
Let s be 4 - ((-80)/(-4))/4. What is the tens digit of (13/(-4) - s)*-116?
6
Let d = -1073 + 2064. What is the hundreds digit of d?
9
Suppose 0 = -5*p + 661 + 1484. What is the hundreds digit of p?
4
Let c(q) = 2*q + 15. Let p be c(-6). Suppose -3*s = 5*j - 10, -5*s + 18 = -p*j - 10. Suppose -b - 29 = -k, k + s*b - 2 - 15 = 0. What is the units digit of k?
7
Let u(v) = -14 + 3*v + 5*v + v**2 - 2*v. What is the units digit of u(6)?
8
Suppose -4*d - 20 = -5*r, -2*d + 5*r - 23 = -3. Suppose d = -l - 1 + 5. Suppose -2*n + 3 = -l*n + 5*t, 5*n + 3*t = 70. What is the units digit of n?
1
Let d(z) = 690*z - 633. What is the hundreds digit of d(9)?
5
Let z be (2/(-3))/(-1*2/(-30)). Let n = 67 + z. What is the tens digit of n?
5
Let q = 235 - 135. Suppose 2*g - 61 = -3*f, f + 2*f + q = 5*g. What is the tens digit of g?
2
Suppose -5*x + 0*x = -5*h - 410, -3*x + 261 = 2*h. Let b = 126 - x. Suppose m = 5*t - 155, -t + b = -4*m - 9. What is the tens digit of t?
3
Let d(s) be the first derivative of -13*s**2/2 - 21*s + 8. What is the units digit of d(-5)?
4
Suppose -2*k + 21*i - 17*i = -2124, -16 = -4*i. What is the hundreds digit of k?
0
Suppose 13*w - 8*w = 20. Suppose w*q - 4*g = 360, 3*q + 5*g - 290 = 3*g. What is the units digit of q?
4
Let t = -3 + 6. Let o(z) = -z**3 + 5*z**2 - 5*z + 7. What is the tens digit of o(t)?
1
Let u be 1 + 4 + 0 + 226. Suppose 7*x = -0*x + u. What is the units digit of x?
3
Let m be 10/(-4)*(-16)/10. Suppose -n + 0 + m = 0. What is the units digit of (-9)/(-2 + 5) + n?
1
Suppose 4 = 4*s - 2*s. Suppose s*v - 19 = -7*c + 2*c, v - 3*c = -7. What is the units digit of v/(-5)*(-1880)/16?
7
Let r be ((-4)/(-8))/(2/(-64)). Let x = r - -22. Suppose x*a = a + 110. What is the tens digit of a?
2
Suppose -5*l = 0, -2*l + l = -3*w - 36. Suppose 2*i - 6*i = 3*s - 49, -5*s = 4*i - 95. Let f = w + s. What is the units digit of f?
1
Let h(x) be the first derivative of -x**4/4 - x**3 - 3*x**2/2 + 2*x - 1. Let k = -22 + 19. What is the tens digit of h(k)?
1
Let m(j) = 11*j - 97. What is the units digit of m(21)?
4
Let g = 3958 - 2417. What is the thousands digit of g?
1
Suppose -4*i + 7548 = -11*d + 12*d, -3*d = -2*i + 3774. What is the thousands digit of i?
1
Let g(z) = -3*z**3 + 5*z**2 - z - 2. Let o be g(3). Let j = -21 - o. Suppose 95 = 5*c - 0*f - 2*f, 4*f = -j. What is the tens digit of c?
1
Let s be (15 - 0)*(-2)/(-6). Suppose s*f - 8*f + 60 = 0. What is the tens digit of f?
2
Let b be -3 - -3*(1 - 0). Suppose 9 = 3*v + 5*w - b, 3*v = -2*w + 9. Suppose -5*a - 2 = o, 0*o - 5*o = -v*a - 74. What is the tens digit of o?
1
Suppose 23 + 8 = 4*b + 5*j, -3*b - 2*j + 18 = 0. Suppose 5*f - b*f = -7. Let x(o) = -5*o - 8. What is the units digit of x(f)?
7
Let m = -14 + -22. Let j = m - -50. What is the tens digit of j?
1
Let i(h) = 2 - 6 + h - 4. Let m be i(7). What is the units digit of (3 - 2)/m + 31?
0
Suppose 0 = -4*c - 18 + 6, -4*c - 42 = -5*d. Suppose f = d*f - 1070. What is the units digit of f?
4
Suppose 3*v = 2*l + 8, -5*l - 2*v + 1 = -17. Suppose 0 = l*g + 3*g - 225. Suppose -3*t - 4*u = -23 - g, -3*t = 3*u - 72. What is the tens digit of t?
2
Suppose 0 = -137*y + 132*y + 5955. What is the tens digit of y?
9
Suppose -23*f = -8415 - 15436. What is the hundreds digit of f?
0
Let t(f) = 17*f - 41. Let x be t(16). What is the tens digit of 1000/11 + 21/x?
9
Suppose 0*z = 3*z - 15. Suppose 2*g = 6*g + 3*f - 281, -76 = -g + z*f. What is the units digit of g?
1
Suppose -2 = -2*i, -2487 = -5*k + 5*i + 593. What is the units digit of k?
7
Let l(h) = -7*h + 14*h - h**2 + h - 4 + 10*h. Let a be l(8). What is the tens digit of a - (7 - (5 - 1))?
7
Suppose q - 25 = -5. Suppose 0 = -i + 2*t + 18, i - 3*t + 1 - q = 0. What is the tens digit of i?
1
Let l be (8370/(-66) - 3) + (-2)/11. Let w = 232 + l. What is the units digit of w?
2
Let t(a) be the second derivative of a**4/12 + 5*a**3/6 + 6*a**2 + 6*a. What is the units digit of t(-5)?
2
Let f = 75 - 50. What is the tens digit of 8/(-20) + 3035/f?
2
Let f = 289 + 369. What is the units digit of f?
8
Let t = 95 + -58. Suppose 2*x = x - 1, -q - 2*x + t = 0. Suppose -2*c + 5*c = q. What is the units digit of c?
3
Suppose 2*s - 3*s + 3*n - 9 = 0, s = 4*n - 10. Let y be ((-9)/s)/(3/(-30)). What is the units digit of 3/(27/(-15))*y?
5
Suppose -43*k - 585 = -52*k. What is the units digit of k?
5
Let f(q) = -4*q - 18. Let g be ((-2)/(-8))/((-8)/(-96)). Suppose g*l = 3*r - 45, -l - 9 = -2*l - 5*r. What is the units digit of f(l)?
6
Suppose -5*l - 14415 = -20*l. What is the units digit of l?
1
Suppose -10*n + 12*n = 3*g - 5669, -2*g + 3779 = -n. What is the thousands digit of g?
1
Let l(z) = 192*z**2 - 1. Let b be l(1). Suppose 4*v - 100 = -2*g, 3*g + 45 = -2*v + b. What is the units digit of g?
8
Suppose d + 4 = 9. Suppose -d*o + 212 + 108 = -s, -3*o + 199 = -2*s. What is the units digit of o?
3
Let x(o) = -o**3 + 7*o**2 + 2*o - 10. Let j be x(7). Let c be 1*(32 + -2 + 1). Suppose -c = -j*v + 9. What is the units digit of v?
0
Suppose 12 = 3*l, -2*v - 10 = -3*v - 2*l. Suppose -v*s - 54 = -3*r, 2*r - r = -3*s + 29. What is the units digit of r?
0
Suppose -v + 26 = 3. Suppose 110 = -22*d + v*d. What is the tens digit of d?
1
Let j(a) = -240*a - 6. Suppose -5*x + 9 = 14. What is the units digit of j(x)?
4
Suppose 5*b + 2*o = -0*b + 2367, 950 = 2*b + 4*o. What is the hundreds digit of b?
4
Suppose 2*r + 0 = 2, -v - r = 29. Let u = v + 152. Let j = 185 - u. What is the tens digit of j?
6
Let u(i) = -i**2 + 32*i - 150. What is the hundreds digit of u(17)?
1
Let n = -256 - -404. Suppose -2*x + n = 2*x. What is the tens digit of x?
3
Suppose 2*u - 2 = 8. Suppose 0 = -v - 4*i + 46, u*i = 3*i. What is the tens digit of v?
4
Let y be (-6)/27 + (-140)/18. Let k = y + 4. Let i(o) = -19*o - 7. What is the units digit of i(k)?
9
What is the units digit of (-27)/45 + (-218)/(-5)?
3
Let k = 31 - 29. Suppose 0*n + 84 = k*n. Suppose 2*m + 50 = 4*t, -3*t + 5*m + 6 = -n. What is the tens digit of t?
1
Suppose 0 = -f + 6*f - 15. Suppose -3*b + 0*r + 120 = f*r, 6 = 2*r. What is the units digit of b?
7
What is the hundreds digit of (3*(-28)/3)/(8/(-84))?
2
Let o = 16 + -12. Suppose -4*u - 4*r = -180, -o*u + r + 177 = 6*r. What is the units digit of u?
8
Let l be (6/9)/(2/(-12)). Let x be (1 + 48/l)*1. Let r = 43 + x. What is the tens digit of r?
3
Let y(p) = -p - 3. Let d be y(-6). Suppose -132 = -d*x + 7*x. Let w = -11 - x. What is the units digit of w?
2
Suppose -8*d = -4*d - 16, -5*g + 4*d = -759. What is the hundreds digit of g?
1
Suppose -5*k + 20 = 0, -23 - 9 = 2*o - k. Let v = -8 + o. What is the tens digit of (-2)/(-11) + (-414)/v?
1
Let z be (-2)/(-6) - (-412)/6. Suppose 5*r - 479 = -z. What is the units digit of r?
2
Let q(w) = -w**2 - 7*w. Let l be q(-5). Suppose -4*o - l = -9*o. Suppose -3*h - 15 = -3*z - 0*z, 5*h - o = 2*z. What is the units digit of z?
9
Let a(u) = 19*u + 622. What is the hundreds digit of a(26)?
1
Let s(z) = -8*z**2 - 2*z + 1. Suppose 2 + 4 = -3*u. Let n be s(u). What is the units digit of (-858)/n - 4/(-18)?
2
Let f be ((-42)/12)/((-1)/36). Let x(o) = -o + 4. Let n be x(0). Suppose -n*u + f = 3*u. What is the units digit of u?
8
Suppose -7*h = -2*h + g - 7002, 0 = 4*h + 3*g - 5595. What is the units digit of h?
1
Suppose 2*b + 3*b - 15 = 0. Suppose b*l = 4*f - 338, -2*l + 8 = -6*l. What is the units digit of f?
3
Let f be (-16)/12*-3 - -29. Let l be 1/((-15)/6 - -3). Suppose l*c - f = c. What is the units digit of c?
3
Suppose -4*k = 4*y - k - 285, -2*k = 3*y - 215. Let a = y + 6. Suppose -4*i + a + 35 = 0. What is the tens digit of i?
2
Let r(q) = -1824*q - 48. What is the tens digit of r(-2)?
0
Let w be (-21)/(-14)*8/(-3). Let u = w - -55. What is the tens digit of u?
5
Let v(u) = -u - 13. Let q be v(9). What is the units digit of (0 + 0 - q/33)*240?
0
Let h(j) = -j**2 + 4*j + 1. Let b be h(2). Let k be 1*-1 + 3612/12 + -2. Suppose -c = -5*u + k - 84, -2*c = -b*u + 218. What is the units digit of u?
2
Suppose -4*o = -2*x + 7*x + 144, 0 = -4*x + 5*o - 107. Let g = x + 48. Let k = g + -4. What is the units digit of k?
6
Suppose -2